- a. Let u = -210 + 202. What is f(u)?
-3
Let c(y) = -46*y - 1904 + 849 + 602. Calculate c(-10).
7
Let w be (-2)/(-16)*(7 + 17). Let c(j) = j**3 - 2*j**2 + 7. Determine c(w).
16
Let n(u) = u**3 - 7*u**2 - 17*u - 2. Let f be n(-2). Let t(a) = 2*a + 2. Let g(x) = -2*x - 3. Let i(l) = 3*g(l) + 7*t(l). Calculate i(f).
-27
Let j(h) = 2541*h - 27 + 2543*h - 5082*h. Give j(-5).
-37
Let x = 269680 + -269688. Let j(a) = 4 - 3*a**3 - 11 + 2*a**3 + 7*a - 7*a**2. Give j(x).
1
Let v(w) = -w**3 + 4*w**2 - 5*w + 3. Let h(x) be the third derivative of -x**6/120 - x**5/15 + 5*x**4/8 + 7*x**3/2 - 156*x**2. Let d be h(-6). Give v(d).
-3
Let w(u) be the third derivative of -u**4/24 + 4*u**3/3 + u**2 + 4*u - 5. Determine w(3).
5
Let f be (-2)/(-8) + 65/(-20). Let a be -23 - -34 - 3/(0 - 1). Let u = a + f. Let w(j) = -j**2 + 12*j - 5. Calculate w(u).
6
Let p be 2 + 12 - (-99 - -113). Let v(h) = h - 16. Calculate v(p).
-16
Let h(x) be the first derivative of 10 - 4*x + 1/12*x**4 + 4/3*x**3 + 7/2*x**2. Let d(c) be the first derivative of h(c). Give d(-6).
-5
Let q(o) = o - 4. Let f(h) = h**2 - 2*h - 10. Let j = -67 + 64. Let u be f(j). Suppose 2*n + u = 3*n. Determine q(n).
1
Let p(w) = 6*w**3 - 20*w**2 + 19*w - 119. Let t(m) = 7*m**3 - 19*m**2 + 22*m - 121. Let d(l) = 6*p(l) - 5*t(l). Calculate d(25).
-9
Let q(i) = i**2. Let v be q(-2). Suppose -3*r + u + 10 = -1, 4*r - 4*u - 28 = 0. Let a(c) = 2 + 143*c + 0 - 139*c - c**r. Determine a(v).
2
Let t(i) = -58*i**3 + i**2 + 3*i - 5. Let l(p) = -49*p**3 + p**2 + 3*p - 4. Let h(a) = 7*l(a) - 6*t(a). Determine h(-1).
-5
Let p(q) = -q**2 - 8*q - 8. Let n = -411 - -288. Let l be n/30 - (6 - 549/90). What is p(l)?
8
Let i(c) = 178*c + 1240. Let d be i(-7). Let q(y) be the third derivative of 7*y**4/24 + y**3 - 2*y**2. Give q(d).
-36
Suppose -4*t + 2*c = -48, -3*c - 50 = -3*t - t. Let h(b) = 5*b**2 - 7*b - 321 - t*b**2 - b**3 + 315. What is h(-5)?
4
Suppose 0 = -5*j + x - 5*x + 65, 0 = -2*j - 3*x + 26. Suppose -c = -5*q - 30 + 27, -5*q - j = 4*c. Let w(k) = -2*k**3 - k**2 + 2*k - 1. What is w(c)?
7
Suppose -136*h = -129*h + 35. Let m be h/(19 + 6) - 32/(-10). Let j(d) = 2*d**2 - 3*d + 2. Calculate j(m).
11
Let v(b) be the third derivative of -b**4/12 + 5*b**3/3 - 3156*b**2. Determine v(-6).
22
Let u(r) be the first derivative of -r**3/3 - r + 492. Calculate u(1).
-2
Let l(h) = -8*h**2 + 74*h + 154. Let m(o) = -9*o**2 + 73*o + 173. Let r(p) = -6*l(p) + 5*m(p). Give r(27).
-5
Let k(f) = -f**2 - 19*f + 14. Let v be k(-17). Suppose v*n = 17*n + 248. Let b(d) = -d**3 + 8*d**2 + d - 6. Calculate b(n).
2
Let b be (-30)/24*2*(-6)/5. Let g(y) be the second derivative of 12*y + 1/3*y**3 + 0 - 1/2*y**2 - 1/6*y**4. Give g(b).
-13
Suppose 20*g - 4*g - 272 = 0. Let p(j) = -9*j**2 + 14 - j - g + 9*j**2 + 4*j**2 - j. What is p(-2)?
17
Let s(n) = 19*n**2 - n + 2. Let r be 24/(-40) + 38/(-95). Calculate s(r).
22
Let v = -74 + 90. Suppose v*g - 11*g = -120. Let l be (-2)/(-5) + g/60. Let a(r) = r + 14. Determine a(l).
14
Let a(n) = 0 + 0*n + 13 + n. Let l(t) = -3*t + 8. Let x be l(5). Let m be 108/189 - (-53)/x. Determine a(m).
6
Let n(a) = a**3 + a**2 + 3*a - 3. Let h = -298 - -300. Suppose -h*v - 9 = 5*i, 0 = 14*i - 12*i + 2*v. Determine n(i).
-30
Let n(t) = 65*t + 121. Let s be n(-2). Let m(o) = 6*o - 3*o - 2*o - 2*o. Determine m(s).
9
Let s = -6290 - -6305. Let v(m) = m**3 - 13*m**2 - 33*m + 50. What is v(s)?
5
Let z(b) = -b + 1. Let a(r) = 3*r - 11. Let o(s) = a(s) + 2*z(s). Suppose 54 = -y - 2*m + 69, 64 = 4*y + 9*m. Determine o(y).
-2
Let h(l) = -4*l - 1. Let y be h(3). Let a(s) = -16*s - 49. Let b(i) = -13*i - 36. Let j(q) = 5*a(q) - 6*b(q). Calculate j(y).
-3
Suppose -5 = 2*i - i. Let c(n) = 626*n + 483*n + n**2 - 1107*n + 4. Give c(i).
19
Let x(c) = 2*c + 2. Let h be 52/2*(-1 + 0). Let k = -1921 - -1913. Let y be h/5 + k/10. Calculate x(y).
-10
Let k(j) = -j**3 + j**2 - 2*j - 42. Let m be 0*(-5 - -7 - (-6)/(-4)). Calculate k(m).
-42
Let h(z) be the second derivative of 0*z**2 - 1/20*z**5 + 0 + 0*z**4 + 0*z**3 - 21*z. Determine h(1).
-1
Let x be 5 + 1 + 32/(-8). Suppose -x*w - 3*w - 5*g - 5 = 0, -3*w - 4*g - 6 = 0. Let j(i) = i**3 + 11*i**2 - 10 + 5*i - 12*i**2 + 9*i**w. What is j(-7)?
4
Let p(y) = 47 - 14*y**2 - 47. Let z(q) = -21 - 8 - 2*q + 4*q. Let j be z(15). What is p(j)?
-14
Let a(c) be the first derivative of -1/4*c**4 - 4/3*c**3 + 3*c**2 + 3*c + 111. Determine a(-5).
-2
Let h(a) = a**2 - a + 22. Let p = 114 + -34. Let z be (p/(-24))/(4/6) + 5. What is h(z)?
22
Let n(x) = -x + 2. Let h(i) = -2*i**2 + 10*i - 5. Let m(w) = -h(w) - 5*n(w). Let r(j) = -3*j**2 + 7*j + 8. Let v(y) = 7*m(y) + 5*r(y). Determine v(4).
-11
Let p(v) = 2*v**2 + 15*v - 6. Let q be (88/(-11))/(450/495 - 2/(-22)). Calculate p(q).
2
Let v(n) = n**3 - 2*n + 9 + 6*n - 3 + 5*n**2. Let u be ((-682)/5)/(1*(-8)/20). Let c = 337 - u. Give v(c).
6
Suppose 3*n = 4*z + 8, -3*n = -3*z + 608 - 611. Let k(w) be the first derivative of 3/2*w**2 + 2*w + 2. What is k(z)?
-13
Let o = 29964 + -29962. Let r(v) = -4*v - 15. Calculate r(o).
-23
Let p(y) be the second derivative of -2*y**3 - 128*y**2 - 7786*y. What is p(-19)?
-28
Let x(w) = -w - 3. Let q be (-4390)/35 + 12/(-21). Let r = 123 + q. Let o be 0*(1/(-3))/(r + 2). Calculate x(o).
-3
Let l(b) = 16*b + 521. Let r be l(-32). Let t(v) = -v**2 + 10*v - 12. Calculate t(r).
-3
Suppose 14*q - 16 = 10*q. Suppose 10*y - q = -2*u + 7*y, -y = 4*u + 2. Let a(r) = 6*r**2. Give a(u).
6
Let u(w) = -5*w**2 + 239*w + 283. Let t be u(49). Let q(f) = 5*f**2 - 43*f - 60. Let i(j) = j**2 - 11*j - 15. Let o(x) = -9*i(x) + 2*q(x). Determine o(t).
-7
Let y be 2/16 + (-744)/(-1344)*7. Let f(k) be the second derivative of 9*k + 1/2*k**3 + 2*k**2 + 0 + 1/6*k**y - 1/20*k**5. Give f(3).
4
Let j(u) = -31 - 2*u + 33 - 17. Let h(l) = -3*l - 28. Let q(z) = -3*h(z) + 5*j(z). What is q(6)?
3
Let u(v) = v - 991*v**2 + 499*v**2 - 38 - 3 + 490*v**2. Determine u(0).
-41
Let t = 30 + -32. Let o(r) be the third derivative of r**5/30 - r**4/12 - r**3/3 + 21*r**2. Let g(q) be the first derivative of o(q). Give g(t).
-10
Let l(h) be the second derivative of -h**3/6 - 2*h**2 + 861*h. Calculate l(14).
-18
Let s(t) be the third derivative of t**5/60 - 5*t**4/24 - t**3/6 - 637*t**2 + 1. Give s(3).
-7
Suppose 20*l + 4*l - 24 = 0. Let k(s) = s**3 - s + 1. Let v(x) = 8*x**3 - 2*x**2 - 3*x + 4. Let j(p) = l*v(p) - 5*k(p). Give j(1).
2
Suppose 4*c + 30 = -k, -124*c - 115 = 11*k - 123*c. Let m(v) = -v**2 + 14*v + 251. Calculate m(k).
11
Let c(o) = -3*o**2 - 7*o + 10. Let n(k) = 2*k**2 + 7*k - 9. Suppose 2*a = 3*a - 5. Let t(w) = a*n(w) + 4*c(w). What is t(4)?
-9
Let z = -22 + 20. Let t be z/(-11) - 2/11. Let b(p) = 13 - p + p + t*p - p. Calculate b(7).
6
Let n(d) = -d**2 - 24*d + 3. Suppose -95 = 5*z + 5*t, 3*z + 2*t = 7*z + 106. What is n(z)?
3
Suppose 5*k + 30 = -77*a + 78*a, -3*k = 3*a. Let r(x) = 3*x**2 - 24*x + 41. Determine r(a).
-4
Let w(t) be the first derivative of t**4/2 - 2*t**3/3 - 8. Let l be w(2). Let u(o) = -6 - 174*o + 4 - 184*o - 7*o**2 + o**3 + 349*o. Give u(l).
-10
Let x = -2929 + 2954. Let n(s) be the first derivative of -2*s + 0*s**2 - 1/3*s**3 + x. Give n(-2).
-6
Let d(j) = j - 4. Suppose 0*l = -2*l + 6*l. Suppose z = -1 - l, 3*r = 5*z + 14. Suppose -10 = -5*k + 2*w, r*w = -2*k - 3*k - 15. Calculate d(k).
-4
Let d(p) = p**3 + p**2 - p + 4. Let l(y) = -3 - y**3 - 1 + 1 - 3*y**2 - y. Suppose 0 = -4*j - 2*i - 6, 5*j + 13*i = 15*i - 21. Let z be l(j). What is d(z)?
4
Let o(l) = -4*l - 5. Suppose -98*f - 21 = -105*f. What is o(f)?
-17
Let y(v) be the second derivative of v**3/6 - v**2 - 675*v. Determine y(-15).
-17
Let t(m) = -410 + 30*m**2 + 3*m - 394 + 1179 - m**3 - 474. What is t(30)?
-9
Let i(p) = -3*p**3 - p**2 + 4*p. Let a be (72/48)/(-3 - (-30)/8). Determine i(a).
-20
Let r = 6341 - 380459/60. Let x(m) be the third derivative of r*m**5 + 0*m - 1/8*m**4 - 1/2*m**3 - 21*m**2 + 0. Determine x(3).
-3
Let y(r) = r**3 - 7*r**2 - 8*r - 4. Let b(x) = -5*x + 157. Let o be b(32). Let f(j) = j + 11. Let c be f(o). Calculate y(c).
-4
Let o(f) = f**3 - 23*f**2 + 40*f + 2. Let a(r) = 2*r**3 - 44*r**2 + 75*r + 2. Let q(w) = -2*a(w) + 5*o(w). What is q(25)?
6
Let x = 30604 + -30600. Let g(p) be the third derivative of 50*p**2 + 0*p + 0 - 1/3*p**3 + 1/24*p**x. Wha